{"id":18,"date":"2017-05-22T20:32:41","date_gmt":"2017-05-22T20:32:41","guid":{"rendered":"http:\/\/contenedoresagunsa.upmedia.cl\/?page_id=18"},"modified":"2020-12-01T14:48:07","modified_gmt":"2020-12-01T14:48:07","slug":"acerca-de","status":"publish","type":"page","link":"https:\/\/contenedoresagunsa.cl\/colombia\/acerca-de\/","title":{"rendered":"Acerca de"},"content":{"rendered":"<p>AGUNSA Colombia, anteriormente Maritrans, es una empresa colombiana creada en 1995 y establecida como agente naviero con el prop\u00f3sito de proveer soluciones mar\u00edtimas y log\u00edsticas. Desde su creaci\u00f3n, ha extendido sus servicios a puertos, transporte mar\u00edtimo y terrestre, log\u00edstica y distribuci\u00f3n, asimismo a proyectos especiales. Se ha dedicado a brindar servicios a la medida, soluciones inteligentes y procesos flexibles adaptados a los requerimientos de los clientes.<\/p>\n<p>AGUNSA Colombia forma parte del grupo empresarial AGUNSA, quienes ofrecen cobertura en toda Am\u00e9rica, Europa y Lejano Oriente, lo que permite la consolidaci\u00f3n en los servicios de comercio exterior y una amplia red de apoyo a sus clientes.<\/p>\n<p>Sustentada en\u00a0 su experiencia, profesionalismo y flexibilidad, AGUNSA responde a las necesidades de sus clientes, adapt\u00e1ndose a sus requerimientos presentes y futuros. Su desaf\u00edo es desarrollar negocios, traspasando l\u00edmites, fronteras a\u00e9reas, mar\u00edtimas y continentales, mediante una plataforma log\u00edstica integral que se expande y acelera de forma constante, insert\u00e1ndose eficientemente en las m\u00e1s diversas localidades y escenarios.<\/p>\n<p>Bajo este contexto nace el \u00e1rea de venta de contenedores, convirti\u00e9ndose en un referente en la industria de soluciones m\u00f3viles, entregando propuestas pr\u00e1cticas y eficientes a las distintas necesidades de transporte, almacenaje, bodegaje y habitacionales.<\/p>\n<p>Nuestro compromiso como empresa es lograr satisfacer las necesidades de nuestros clientes adapt\u00e1ndose a sus requerimientos y exigencias, logrando brindar un servicio de calidad.<\/p>\n","protected":false},"excerpt":{"rendered":"<p>AGUNSA  vende contenedores mar\u00edtimos con el fin de dar soluciones eficientes y eficaces a los m\u00e1s diversos proyectos y necesidades.<\/p>\n","protected":false},"author":1,"featured_media":0,"parent":0,"menu_order":0,"comment_status":"closed","ping_status":"closed","template":"","meta":{"_acf_changed":false,"footnotes":""},"class_list":["post-18","page","type-page","status-publish","hentry"],"acf":[],"yoast_head":"<!-- This site is optimized with the Yoast SEO plugin v26.8 - https:\/\/yoast.com\/product\/yoast-seo-wordpress\/ -->\n<title>Acerca de - Contenedores Agunsa<\/title>\n<meta name=\"robots\" content=\"index, follow, max-snippet:-1, max-image-preview:large, max-video-preview:-1\" \/>\n<link rel=\"canonical\" href=\"https:\/\/contenedoresagunsa.cl\/colombia\/acerca-de\/\" \/>\n<meta property=\"og:locale\" content=\"es_ES\" \/>\n<meta property=\"og:type\" content=\"article\" \/>\n<meta property=\"og:title\" content=\"Acerca de - Contenedores Agunsa\" \/>\n<meta property=\"og:description\" content=\"AGUNSA vende contenedores mar\u00edtimos con el fin de dar soluciones eficientes y eficaces a los m\u00e1s diversos proyectos y necesidades.\" \/>\n<meta property=\"og:url\" content=\"https:\/\/contenedoresagunsa.cl\/colombia\/acerca-de\/\" \/>\n<meta property=\"og:site_name\" content=\"Contenedores Agunsa\" \/>\n<meta property=\"article:modified_time\" content=\"2020-12-01T14:48:07+00:00\" \/>\n<meta name=\"twitter:card\" content=\"summary_large_image\" \/>\n<meta name=\"twitter:label1\" content=\"Tiempo de lectura\" \/>\n\t<meta name=\"twitter:data1\" content=\"1 minuto\" \/>\n<script type=\"application\/ld+json\" class=\"yoast-schema-graph\">{\"@context\":\"https:\/\/schema.org\",\"@graph\":[{\"@type\":\"WebPage\",\"@id\":\"https:\/\/contenedoresagunsa.cl\/colombia\/acerca-de\/\",\"url\":\"https:\/\/contenedoresagunsa.cl\/colombia\/acerca-de\/\",\"name\":\"Acerca de - Contenedores Agunsa\",\"isPartOf\":{\"@id\":\"https:\/\/contenedoresagunsa.cl\/colombia\/#website\"},\"datePublished\":\"2017-05-22T20:32:41+00:00\",\"dateModified\":\"2020-12-01T14:48:07+00:00\",\"breadcrumb\":{\"@id\":\"https:\/\/contenedoresagunsa.cl\/colombia\/acerca-de\/#breadcrumb\"},\"inLanguage\":\"es\",\"potentialAction\":[{\"@type\":\"ReadAction\",\"target\":[\"https:\/\/contenedoresagunsa.cl\/colombia\/acerca-de\/\"]}]},{\"@type\":\"BreadcrumbList\",\"@id\":\"https:\/\/contenedoresagunsa.cl\/colombia\/acerca-de\/#breadcrumb\",\"itemListElement\":[{\"@type\":\"ListItem\",\"position\":1,\"name\":\"Portada\",\"item\":\"https:\/\/contenedoresagunsa.cl\/colombia\/\"},{\"@type\":\"ListItem\",\"position\":2,\"name\":\"Acerca de\"}]},{\"@type\":\"WebSite\",\"@id\":\"https:\/\/contenedoresagunsa.cl\/colombia\/#website\",\"url\":\"https:\/\/contenedoresagunsa.cl\/colombia\/\",\"name\":\"Contenedores Agunsa\",\"description\":\"Venta y arriendo de contenedores mar\u00edtimos\",\"potentialAction\":[{\"@type\":\"SearchAction\",\"target\":{\"@type\":\"EntryPoint\",\"urlTemplate\":\"https:\/\/contenedoresagunsa.cl\/colombia\/?s={search_term_string}\"},\"query-input\":{\"@type\":\"PropertyValueSpecification\",\"valueRequired\":true,\"valueName\":\"search_term_string\"}}],\"inLanguage\":\"es\"}]}<\/script>\n<!-- \/ Yoast SEO plugin. -->","yoast_head_json":{"title":"Acerca de - Contenedores Agunsa","robots":{"index":"index","follow":"follow","max-snippet":"max-snippet:-1","max-image-preview":"max-image-preview:large","max-video-preview":"max-video-preview:-1"},"canonical":"https:\/\/contenedoresagunsa.cl\/colombia\/acerca-de\/","og_locale":"es_ES","og_type":"article","og_title":"Acerca de - Contenedores Agunsa","og_description":"AGUNSA vende contenedores mar\u00edtimos con el fin de dar soluciones eficientes y eficaces a los m\u00e1s diversos proyectos y necesidades.","og_url":"https:\/\/contenedoresagunsa.cl\/colombia\/acerca-de\/","og_site_name":"Contenedores Agunsa","article_modified_time":"2020-12-01T14:48:07+00:00","twitter_card":"summary_large_image","twitter_misc":{"Tiempo de lectura":"1 minuto"},"schema":{"@context":"https:\/\/schema.org","@graph":[{"@type":"WebPage","@id":"https:\/\/contenedoresagunsa.cl\/colombia\/acerca-de\/","url":"https:\/\/contenedoresagunsa.cl\/colombia\/acerca-de\/","name":"Acerca de - Contenedores Agunsa","isPartOf":{"@id":"https:\/\/contenedoresagunsa.cl\/colombia\/#website"},"datePublished":"2017-05-22T20:32:41+00:00","dateModified":"2020-12-01T14:48:07+00:00","breadcrumb":{"@id":"https:\/\/contenedoresagunsa.cl\/colombia\/acerca-de\/#breadcrumb"},"inLanguage":"es","potentialAction":[{"@type":"ReadAction","target":["https:\/\/contenedoresagunsa.cl\/colombia\/acerca-de\/"]}]},{"@type":"BreadcrumbList","@id":"https:\/\/contenedoresagunsa.cl\/colombia\/acerca-de\/#breadcrumb","itemListElement":[{"@type":"ListItem","position":1,"name":"Portada","item":"https:\/\/contenedoresagunsa.cl\/colombia\/"},{"@type":"ListItem","position":2,"name":"Acerca de"}]},{"@type":"WebSite","@id":"https:\/\/contenedoresagunsa.cl\/colombia\/#website","url":"https:\/\/contenedoresagunsa.cl\/colombia\/","name":"Contenedores Agunsa","description":"Venta y arriendo de contenedores mar\u00edtimos","potentialAction":[{"@type":"SearchAction","target":{"@type":"EntryPoint","urlTemplate":"https:\/\/contenedoresagunsa.cl\/colombia\/?s={search_term_string}"},"query-input":{"@type":"PropertyValueSpecification","valueRequired":true,"valueName":"search_term_string"}}],"inLanguage":"es"}]}},"_links":{"self":[{"href":"https:\/\/contenedoresagunsa.cl\/colombia\/wp-json\/wp\/v2\/pages\/18","targetHints":{"allow":["GET"]}}],"collection":[{"href":"https:\/\/contenedoresagunsa.cl\/colombia\/wp-json\/wp\/v2\/pages"}],"about":[{"href":"https:\/\/contenedoresagunsa.cl\/colombia\/wp-json\/wp\/v2\/types\/page"}],"author":[{"embeddable":true,"href":"https:\/\/contenedoresagunsa.cl\/colombia\/wp-json\/wp\/v2\/users\/1"}],"replies":[{"embeddable":true,"href":"https:\/\/contenedoresagunsa.cl\/colombia\/wp-json\/wp\/v2\/comments?post=18"}],"version-history":[{"count":22,"href":"https:\/\/contenedoresagunsa.cl\/colombia\/wp-json\/wp\/v2\/pages\/18\/revisions"}],"predecessor-version":[{"id":322,"href":"https:\/\/contenedoresagunsa.cl\/colombia\/wp-json\/wp\/v2\/pages\/18\/revisions\/322"}],"wp:attachment":[{"href":"https:\/\/contenedoresagunsa.cl\/colombia\/wp-json\/wp\/v2\/media?parent=18"}],"curies":[{"name":"wp","href":"https:\/\/api.w.org\/{rel}","templated":true}]}}