{"id":18,"date":"2017-05-22T20:32:41","date_gmt":"2017-05-22T20:32:41","guid":{"rendered":"http:\/\/contenedoresagunsa.upmedia.cl\/?page_id=18"},"modified":"2023-04-11T13:47:02","modified_gmt":"2023-04-11T13:47:02","slug":"acerca-de","status":"publish","type":"page","link":"https:\/\/contenedoresagunsa.cl\/usa\/acerca-de\/","title":{"rendered":"Acerca de"},"content":{"rendered":"<p>AGUNSA se cre\u00f3 hace m\u00e1s de sesenta a\u00f1os como agencia naviera destinada a proporcionar servicios portuarios eficientes y confiables. Con el paso del tiempo, se posicion\u00f3 como l\u00edder en el negocio mar\u00edtimo y en las actividades de agenciamiento en Chile. Desde 1990 inici\u00f3 un proceso de internacionalizaci\u00f3n que la situ\u00f3 como la compa\u00f1\u00eda m\u00e1s importante del rubro log\u00edstico en Am\u00e9rica Latina, incursionando con posterioridad en los mercados de Europa y Asia.<\/p>\n<p>Hoy AGUNSA cuenta con una extensa red de oficinas en m\u00e1s de 20 pa\u00edses, incluyendo Estados Unidos desde el a\u00f1o 2000.<\/p>\n<p>Sustentada en&nbsp;&nbsp;su&nbsp;experiencia, profesionalismo y flexibilidad, AGUNSA responde a las necesidades de sus clientes, adapt\u00e1ndose a sus requerimientos presentes y futuros. Su desaf\u00edo es desarrollar negocios, traspasando l\u00edmites, fronteras a\u00e9reas, mar\u00edtimas y continentales, mediante&nbsp;una plataforma log\u00edstica integral que se expande y acelera de forma constante, insert\u00e1ndose eficientemente en las m\u00e1s diversas localidades y escenarios.<\/p>\n<p>Bajo este contexto nace el \u00e1rea de venta y alquiler de contenedores, convirti\u00e9ndose en un referente en la industria de soluciones m\u00f3viles, entregando propuestas pr\u00e1cticas y eficientes a las distintas necesidades de transporte, almacenaje, bodegaje y habitacionales.<\/p>\n<p>Nuestro compromiso como empresa es lograr satisfacer las necesidades de nuestros clientes adapt\u00e1ndose a sus requerimientos y exigencias, logrando brindar un servicio de calidad.<\/p>\n","protected":false},"excerpt":{"rendered":"<p>AGUNSA vende y alquila contenedores con el fin de dar soluciones eficientes y eficaces a los m\u00e1s diversos proyectos y necesidades.<\/p>\n","protected":false},"author":1,"featured_media":0,"parent":0,"menu_order":0,"comment_status":"closed","ping_status":"closed","template":"","meta":{"_acf_changed":false,"footnotes":""},"class_list":["post-18","page","type-page","status-publish","hentry"],"acf":[],"yoast_head":"<!-- This site is optimized with the Yoast SEO plugin v27.3 - https:\/\/yoast.com\/product\/yoast-seo-wordpress\/ -->\n<title>Acerca de - Contenedores Agunsa<\/title>\n<meta name=\"robots\" content=\"index, follow, max-snippet:-1, max-image-preview:large, max-video-preview:-1\" \/>\n<link rel=\"canonical\" href=\"https:\/\/contenedoresagunsa.cl\/usa\/acerca-de\/\" \/>\n<meta property=\"og:locale\" content=\"es_ES\" \/>\n<meta property=\"og:type\" content=\"article\" \/>\n<meta property=\"og:title\" content=\"Acerca de - Contenedores Agunsa\" \/>\n<meta property=\"og:description\" content=\"AGUNSA vende y alquila contenedores con el fin de dar soluciones eficientes y eficaces a los m\u00e1s diversos proyectos y necesidades.\" \/>\n<meta property=\"og:url\" content=\"https:\/\/contenedoresagunsa.cl\/usa\/acerca-de\/\" \/>\n<meta property=\"og:site_name\" content=\"Contenedores Agunsa\" \/>\n<meta property=\"article:modified_time\" content=\"2023-04-11T13:47:02+00:00\" \/>\n<meta name=\"twitter:card\" content=\"summary_large_image\" \/>\n<meta name=\"twitter:label1\" content=\"Tiempo de lectura\" \/>\n\t<meta name=\"twitter:data1\" content=\"1 minuto\" \/>\n<script type=\"application\/ld+json\" class=\"yoast-schema-graph\">{\"@context\":\"https:\\\/\\\/schema.org\",\"@graph\":[{\"@type\":\"WebPage\",\"@id\":\"https:\\\/\\\/contenedoresagunsa.cl\\\/usa\\\/acerca-de\\\/\",\"url\":\"https:\\\/\\\/contenedoresagunsa.cl\\\/usa\\\/acerca-de\\\/\",\"name\":\"Acerca de - Contenedores Agunsa\",\"isPartOf\":{\"@id\":\"https:\\\/\\\/contenedoresagunsa.cl\\\/usa\\\/#website\"},\"datePublished\":\"2017-05-22T20:32:41+00:00\",\"dateModified\":\"2023-04-11T13:47:02+00:00\",\"breadcrumb\":{\"@id\":\"https:\\\/\\\/contenedoresagunsa.cl\\\/usa\\\/acerca-de\\\/#breadcrumb\"},\"inLanguage\":\"es\",\"potentialAction\":[{\"@type\":\"ReadAction\",\"target\":[\"https:\\\/\\\/contenedoresagunsa.cl\\\/usa\\\/acerca-de\\\/\"]}]},{\"@type\":\"BreadcrumbList\",\"@id\":\"https:\\\/\\\/contenedoresagunsa.cl\\\/usa\\\/acerca-de\\\/#breadcrumb\",\"itemListElement\":[{\"@type\":\"ListItem\",\"position\":1,\"name\":\"Portada\",\"item\":\"https:\\\/\\\/contenedoresagunsa.cl\\\/usa\\\/\"},{\"@type\":\"ListItem\",\"position\":2,\"name\":\"Acerca de\"}]},{\"@type\":\"WebSite\",\"@id\":\"https:\\\/\\\/contenedoresagunsa.cl\\\/usa\\\/#website\",\"url\":\"https:\\\/\\\/contenedoresagunsa.cl\\\/usa\\\/\",\"name\":\"Contenedores Agunsa\",\"description\":\"Venta y arriendo de contenedores mar\u00edtimos\",\"potentialAction\":[{\"@type\":\"SearchAction\",\"target\":{\"@type\":\"EntryPoint\",\"urlTemplate\":\"https:\\\/\\\/contenedoresagunsa.cl\\\/usa\\\/?s={search_term_string}\"},\"query-input\":{\"@type\":\"PropertyValueSpecification\",\"valueRequired\":true,\"valueName\":\"search_term_string\"}}],\"inLanguage\":\"es\"}]}<\/script>\n<!-- \/ Yoast SEO plugin. -->","yoast_head_json":{"title":"Acerca de - Contenedores Agunsa","robots":{"index":"index","follow":"follow","max-snippet":"max-snippet:-1","max-image-preview":"max-image-preview:large","max-video-preview":"max-video-preview:-1"},"canonical":"https:\/\/contenedoresagunsa.cl\/usa\/acerca-de\/","og_locale":"es_ES","og_type":"article","og_title":"Acerca de - Contenedores Agunsa","og_description":"AGUNSA vende y alquila contenedores con el fin de dar soluciones eficientes y eficaces a los m\u00e1s diversos proyectos y necesidades.","og_url":"https:\/\/contenedoresagunsa.cl\/usa\/acerca-de\/","og_site_name":"Contenedores Agunsa","article_modified_time":"2023-04-11T13:47:02+00:00","twitter_card":"summary_large_image","twitter_misc":{"Tiempo de lectura":"1 minuto"},"schema":{"@context":"https:\/\/schema.org","@graph":[{"@type":"WebPage","@id":"https:\/\/contenedoresagunsa.cl\/usa\/acerca-de\/","url":"https:\/\/contenedoresagunsa.cl\/usa\/acerca-de\/","name":"Acerca de - Contenedores Agunsa","isPartOf":{"@id":"https:\/\/contenedoresagunsa.cl\/usa\/#website"},"datePublished":"2017-05-22T20:32:41+00:00","dateModified":"2023-04-11T13:47:02+00:00","breadcrumb":{"@id":"https:\/\/contenedoresagunsa.cl\/usa\/acerca-de\/#breadcrumb"},"inLanguage":"es","potentialAction":[{"@type":"ReadAction","target":["https:\/\/contenedoresagunsa.cl\/usa\/acerca-de\/"]}]},{"@type":"BreadcrumbList","@id":"https:\/\/contenedoresagunsa.cl\/usa\/acerca-de\/#breadcrumb","itemListElement":[{"@type":"ListItem","position":1,"name":"Portada","item":"https:\/\/contenedoresagunsa.cl\/usa\/"},{"@type":"ListItem","position":2,"name":"Acerca de"}]},{"@type":"WebSite","@id":"https:\/\/contenedoresagunsa.cl\/usa\/#website","url":"https:\/\/contenedoresagunsa.cl\/usa\/","name":"Contenedores Agunsa","description":"Venta y arriendo de contenedores mar\u00edtimos","potentialAction":[{"@type":"SearchAction","target":{"@type":"EntryPoint","urlTemplate":"https:\/\/contenedoresagunsa.cl\/usa\/?s={search_term_string}"},"query-input":{"@type":"PropertyValueSpecification","valueRequired":true,"valueName":"search_term_string"}}],"inLanguage":"es"}]}},"_links":{"self":[{"href":"https:\/\/contenedoresagunsa.cl\/usa\/wp-json\/wp\/v2\/pages\/18","targetHints":{"allow":["GET"]}}],"collection":[{"href":"https:\/\/contenedoresagunsa.cl\/usa\/wp-json\/wp\/v2\/pages"}],"about":[{"href":"https:\/\/contenedoresagunsa.cl\/usa\/wp-json\/wp\/v2\/types\/page"}],"author":[{"embeddable":true,"href":"https:\/\/contenedoresagunsa.cl\/usa\/wp-json\/wp\/v2\/users\/1"}],"replies":[{"embeddable":true,"href":"https:\/\/contenedoresagunsa.cl\/usa\/wp-json\/wp\/v2\/comments?post=18"}],"version-history":[{"count":25,"href":"https:\/\/contenedoresagunsa.cl\/usa\/wp-json\/wp\/v2\/pages\/18\/revisions"}],"predecessor-version":[{"id":626,"href":"https:\/\/contenedoresagunsa.cl\/usa\/wp-json\/wp\/v2\/pages\/18\/revisions\/626"}],"wp:attachment":[{"href":"https:\/\/contenedoresagunsa.cl\/usa\/wp-json\/wp\/v2\/media?parent=18"}],"curies":[{"name":"wp","href":"https:\/\/api.w.org\/{rel}","templated":true}]}}